Dec 03 01:27:01.009 INFO testing monger-0.5.7 against master#8940af3cea4a9a9deabcaf843b2f8cad9a83fc61 for beta-1.31-5
Dec 03 01:27:01.009 INFO running `"docker" "create" "-v" "/mnt/big/crater/work/local/target-dirs/beta-1.31-5/worker-6/master#8940af3cea4a9a9deabcaf843b2f8cad9a83fc61:/target:rw,Z" "-v" "/mnt/big/crater/work/local/test-source/worker-6/beta-1.31-5/master#8940af3cea4a9a9deabcaf843b2f8cad9a83fc61:/source:ro,Z" "-v" "/mnt/big/crater/work/local/cargo-home:/cargo-home:ro,Z" "-v" "/mnt/big/crater/work/local/rustup-home:/rustup-home:ro,Z" "-e" "USER_ID=1000" "-e" "SOURCE_DIR=/source" "-e" "USER_ID=1000" "-e" "CMD=cargo +8940af3cea4a9a9deabcaf843b2f8cad9a83fc61-alt build --frozen" "-e" "CARGO_TARGET_DIR=/target" "-e" "CARGO_INCREMENTAL=0" "-e" "RUST_BACKTRACE=full" "-e" "RUSTFLAGS=--cap-lints=warn" "-e" "CARGO_HOME=/cargo-home" "-e" "RUSTUP_HOME=/rustup-home" "-m" "1536M" "--network" "none" "crater"`
Dec 03 01:27:01.462 INFO [stdout] 774c45bc6f6944460522ae8d2a9e901e8bd35da3e61c1c2a8fcaa43349e499a7
Dec 03 01:27:01.468 INFO running `"docker" "start" "-a" "774c45bc6f6944460522ae8d2a9e901e8bd35da3e61c1c2a8fcaa43349e499a7"`
Dec 03 01:27:02.560 INFO [stderr] usermod: no changes
Dec 03 01:27:02.975 INFO [stderr]    Compiling rs-release v0.1.7
Dec 03 01:27:02.983 INFO [stderr]    Compiling hyperx v0.13.1
Dec 03 01:27:11.003 INFO [stderr]    Compiling monger v0.5.7 (/source)
Dec 03 01:27:30.140 INFO [stderr]     Finished dev [unoptimized + debuginfo] target(s) in 27.55s
Dec 03 01:27:30.157 INFO [stderr] su: No module specific data is present
Dec 03 01:27:31.093 INFO running `"docker" "inspect" "774c45bc6f6944460522ae8d2a9e901e8bd35da3e61c1c2a8fcaa43349e499a7"`
Dec 03 01:27:31.409 INFO running `"docker" "rm" "-f" "774c45bc6f6944460522ae8d2a9e901e8bd35da3e61c1c2a8fcaa43349e499a7"`
Dec 03 01:27:31.783 INFO [stdout] 774c45bc6f6944460522ae8d2a9e901e8bd35da3e61c1c2a8fcaa43349e499a7
Dec 03 01:27:31.785 INFO running `"docker" "create" "-v" "/mnt/big/crater/work/local/target-dirs/beta-1.31-5/worker-6/master#8940af3cea4a9a9deabcaf843b2f8cad9a83fc61:/target:rw,Z" "-v" "/mnt/big/crater/work/local/test-source/worker-6/beta-1.31-5/master#8940af3cea4a9a9deabcaf843b2f8cad9a83fc61:/source:ro,Z" "-v" "/mnt/big/crater/work/local/cargo-home:/cargo-home:ro,Z" "-v" "/mnt/big/crater/work/local/rustup-home:/rustup-home:ro,Z" "-e" "USER_ID=1000" "-e" "SOURCE_DIR=/source" "-e" "USER_ID=1000" "-e" "CMD=cargo +8940af3cea4a9a9deabcaf843b2f8cad9a83fc61-alt test --frozen --no-run" "-e" "CARGO_TARGET_DIR=/target" "-e" "CARGO_INCREMENTAL=0" "-e" "RUST_BACKTRACE=full" "-e" "RUSTFLAGS=--cap-lints=warn" "-e" "CARGO_HOME=/cargo-home" "-e" "RUSTUP_HOME=/rustup-home" "-m" "1536M" "--network" "none" "crater"`
Dec 03 01:27:32.153 INFO [stdout] bdcc78aaf5d59790f179973e02eca7ef39cfbed324f7e2857f01b0150a72cf0e
Dec 03 01:27:32.155 INFO running `"docker" "start" "-a" "bdcc78aaf5d59790f179973e02eca7ef39cfbed324f7e2857f01b0150a72cf0e"`
Dec 03 01:27:33.299 INFO [stderr] usermod: no changes
Dec 03 01:27:33.681 INFO [stderr]    Compiling monger v0.5.7 (/source)
Dec 03 01:27:46.196 INFO [stderr]     Finished dev [unoptimized + debuginfo] target(s) in 12.86s
Dec 03 01:27:46.212 INFO [stderr] su: No module specific data is present
Dec 03 01:27:47.350 INFO running `"docker" "inspect" "bdcc78aaf5d59790f179973e02eca7ef39cfbed324f7e2857f01b0150a72cf0e"`
Dec 03 01:27:47.688 INFO running `"docker" "rm" "-f" "bdcc78aaf5d59790f179973e02eca7ef39cfbed324f7e2857f01b0150a72cf0e"`
Dec 03 01:27:47.995 INFO [stdout] bdcc78aaf5d59790f179973e02eca7ef39cfbed324f7e2857f01b0150a72cf0e
Dec 03 01:27:47.997 INFO running `"docker" "create" "-v" "/mnt/big/crater/work/local/target-dirs/beta-1.31-5/worker-6/master#8940af3cea4a9a9deabcaf843b2f8cad9a83fc61:/target:rw,Z" "-v" "/mnt/big/crater/work/local/test-source/worker-6/beta-1.31-5/master#8940af3cea4a9a9deabcaf843b2f8cad9a83fc61:/source:ro,Z" "-v" "/mnt/big/crater/work/local/cargo-home:/cargo-home:ro,Z" "-v" "/mnt/big/crater/work/local/rustup-home:/rustup-home:ro,Z" "-e" "USER_ID=1000" "-e" "SOURCE_DIR=/source" "-e" "USER_ID=1000" "-e" "CMD=cargo +8940af3cea4a9a9deabcaf843b2f8cad9a83fc61-alt test --frozen" "-e" "CARGO_TARGET_DIR=/target" "-e" "CARGO_INCREMENTAL=0" "-e" "RUST_BACKTRACE=full" "-e" "RUSTFLAGS=--cap-lints=warn" "-e" "CARGO_HOME=/cargo-home" "-e" "RUSTUP_HOME=/rustup-home" "-m" "1536M" "--network" "none" "crater"`
Dec 03 01:27:48.448 INFO [stdout] 701c4503e89b67fe293614f19f74863218cfb33a1d1c5925de13f76613550f44
Dec 03 01:27:48.453 INFO running `"docker" "start" "-a" "701c4503e89b67fe293614f19f74863218cfb33a1d1c5925de13f76613550f44"`
Dec 03 01:27:49.581 INFO [stderr] usermod: no changes
Dec 03 01:27:49.865 INFO [stderr]     Finished dev [unoptimized + debuginfo] target(s) in 0.25s
Dec 03 01:27:49.872 INFO [stderr]      Running /target/debug/deps/monger-a20ff0e09090447c
Dec 03 01:27:49.883 INFO [stdout] 
Dec 03 01:27:49.883 INFO [stdout] running 36 tests
Dec 03 01:27:49.883 INFO [stdout] test os::linux::tests::suse11_path ... ok
Dec 03 01:27:49.883 INFO [stdout] test os::linux::tests::rhel7_path ... ok
Dec 03 01:27:49.883 INFO [stdout] test os::linux::tests::rhel6_path ... ok
Dec 03 01:27:49.883 INFO [stdout] test os::linux::tests::legacy_path ... ok
Dec 03 01:27:49.883 INFO [stdout] test os::linux::tests::debian8_path ... ok
Dec 03 01:27:49.883 INFO [stdout] test os::linux::tests::debian7_path ... ok
Dec 03 01:27:49.883 INFO [stdout] test os::linux::tests::suse12_path ... ok
Dec 03 01:27:49.883 INFO [stdout] test os::linux::tests::ubuntu1204_path ... ok
Dec 03 01:27:49.883 INFO [stdout] test os::linux::tests::ubuntu1404_path ... ok
Dec 03 01:27:49.883 INFO [stdout] test os::linux::tests::ubuntu1604_arm_path ... ok
Dec 03 01:27:49.883 INFO [stdout] test os::linux::tests::ubuntu1604_x86_64_path ... ok
Dec 03 01:27:49.883 INFO [stdout] test os::linux::tests::amazon_path ... ok
Dec 03 01:27:49.883 INFO [stdout] test os::macos::tests::nonssl_path ... ok
Dec 03 01:27:49.883 INFO [stdout] test os::macos::tests::ssl_path ... ok
Dec 03 01:27:49.883 INFO [stdout] test os::tests::amazon_linux_url ... ok
Dec 03 01:27:49.883 INFO [stdout] test os::tests::debian7_linux_url ... ok
Dec 03 01:27:49.883 INFO [stdout] test os::tests::debian8_linux_url ... ok
Dec 03 01:27:49.883 INFO [stdout] test os::tests::legacy_linux_url ... ok
Dec 03 01:27:49.883 INFO [stdout] test os::tests::nonssl_osx_url ... ok
Dec 03 01:27:49.883 INFO [stdout] test os::tests::rhel6_linux_url ... ok
Dec 03 01:27:49.883 INFO [stdout] test os::tests::rhel7_linux_url ... ok
Dec 03 01:27:49.883 INFO [stdout] test os::tests::server2008_r2_ssl_windows_url ... ok
Dec 03 01:27:49.883 INFO [stdout] test os::tests::server2008_r2_windows_url ... ok
Dec 03 01:27:49.883 INFO [stdout] test os::tests::server2008_windows_url ... ok
Dec 03 01:27:49.883 INFO [stdout] test os::tests::ssl_macos_url ... ok
Dec 03 01:27:49.883 INFO [stdout] test os::tests::ssl_osx_url ... ok
Dec 03 01:27:49.883 INFO [stdout] test os::tests::suse11_linux_url ... ok
Dec 03 01:27:49.884 INFO [stdout] test os::tests::suse12_linux_url ... ok
Dec 03 01:27:49.884 INFO [stdout] test os::tests::ubuntu1204_linux_url ... ok
Dec 03 01:27:49.884 INFO [stdout] test os::tests::ubuntu1604_x86_64_linux_url ... ok
Dec 03 01:27:49.884 INFO [stdout] test os::tests::ubunutu1404_linux_url ... ok
Dec 03 01:27:49.887 INFO [stdout] test os::windows::tests::server2008_r2_ssl_path ... ok
Dec 03 01:27:49.887 INFO [stdout] test os::windows::tests::server2008_r2_path ... ok
Dec 03 01:27:49.887 INFO [stdout] test os::tests::ubunutu1604_arm_linux_url ... ok
Dec 03 01:27:49.887 INFO [stdout] test os::windows::tests::server2008_path ... ok
Dec 03 01:27:50.288 INFO [stdout] test client::tests::download_test ... FAILED
Dec 03 01:27:50.288 INFO [stdout] 
Dec 03 01:27:50.288 INFO [stdout] failures:
Dec 03 01:27:50.288 INFO [stdout] 
Dec 03 01:27:50.288 INFO [stdout] ---- client::tests::download_test stdout ----
Dec 03 01:27:50.288 INFO [stdout] downloading https://httpbin.org/robots.txt...
Dec 03 01:27:50.288 INFO [stdout] thread 'client::tests::download_test' panicked at 'called `Result::unwrap()` on an `Err` value: Error(Http(Inner { kind: Hyper(Error { kind: Connect, cause: Custom { kind: Other, error: StringError("failed to lookup address information: Temporary failure in name resolution") } }), url: Some("https://httpbin.org/robots.txt") }), State { next_error: None, backtrace: InternalBacktrace { backtrace: Some(stack backtrace:
Dec 03 01:27:50.288 INFO [stdout]    0:     0x55ff19ff0656 - backtrace::backtrace::libunwind::trace::h64223e38b1db3467
Dec 03 01:27:50.288 INFO [stdout]                         at /cargo-home/registry/src/github.com-1ecc6299db9ec823/backtrace-0.3.9/src/backtrace/libunwind.rs:53
Dec 03 01:27:50.288 INFO [stdout]                          - backtrace::backtrace::trace::h5ae7f2b9d7860414
Dec 03 01:27:50.288 INFO [stdout]                         at /cargo-home/registry/src/github.com-1ecc6299db9ec823/backtrace-0.3.9/src/backtrace/mod.rs:42
Dec 03 01:27:50.288 INFO [stdout]    1:     0x55ff19fead13 - backtrace::capture::Backtrace::new_unresolved::h4e19f78a13bd9aa1
Dec 03 01:27:50.288 INFO [stdout]                         at /cargo-home/registry/src/github.com-1ecc6299db9ec823/backtrace-0.3.9/src/capture.rs:88
Dec 03 01:27:50.288 INFO [stdout]    2:     0x55ff19fe9536 - error_chain::backtrace::imp::InternalBacktrace::new::h73b120e05ab7dbb8
Dec 03 01:27:50.288 INFO [stdout]                         at /cargo-home/registry/src/github.com-1ecc6299db9ec823/error-chain-0.12.0/src/backtrace.rs:56
Dec 03 01:27:50.288 INFO [stdout]    3:     0x55ff19fe8092 - <error_chain::State as core::default::Default>::default::h8d1c6ab0b4fd7aa3
Dec 03 01:27:50.288 INFO [stdout]                         at /cargo-home/registry/src/github.com-1ecc6299db9ec823/error-chain-0.12.0/src/lib.rs:666
Dec 03 01:27:50.288 INFO [stdout]    4:     0x55ff19a8e543 - monger::error::Error::from_kind::h3e286f865d58e99c
Dec 03 01:27:50.288 INFO [stdout]                         at /source/<::error_chain::error_chain::impl_error_chain_processed macros>:53
Dec 03 01:27:50.288 INFO [stdout]    5:     0x55ff19a8e5dc - <monger::error::Error as core::convert::From<reqwest::error::Error>>::from::hdecd8ad0c407515b
Dec 03 01:27:50.288 INFO [stdout]                         at src/error.rs:1
Dec 03 01:27:50.288 INFO [stdout]    6:     0x55ff19a920da - monger::client::HttpClient::download_file::h682f05c03bc67002
Dec 03 01:27:50.288 INFO [stdout]                         at src/client.rs:26
Dec 03 01:27:50.288 INFO [stdout]    7:     0x55ff19a8e1db - monger::client::tests::download_test::h0f933c54139e7412
Dec 03 01:27:50.288 INFO [stdout]                         at src/client.rs:45
Dec 03 01:27:50.288 INFO [stdout]    8:     0x55ff19a8e169 - monger::client::tests::download_test::{{closure}}::hb9de3e1e89cc9f85
Dec 03 01:27:50.288 INFO [stdout]                         at src/client.rs:43
Dec 03 01:27:50.288 INFO [stdout]    9:     0x55ff19a89dad - core::ops::function::FnOnce::call_once::h187bc8da8d1320df
Dec 03 01:27:50.288 INFO [stdout]                         at libcore/ops/function.rs:238
Dec 03 01:27:50.288 INFO [stdout]   10:     0x55ff19a954ae - test::run_test::{{closure}}::h22f923ed51962bb2
Dec 03 01:27:50.288 INFO [stdout]                         at libtest/lib.rs:1468
Dec 03 01:27:50.288 INFO [stdout]                          - core::ops::function::FnOnce::call_once::he2d9197ddf9e830c
Dec 03 01:27:50.288 INFO [stdout]                         at libcore/ops/function.rs:238
Dec 03 01:27:50.288 INFO [stdout]                          - <F as alloc::boxed::FnBox<A>>::call_box::hac903f91577a156c
Dec 03 01:27:50.288 INFO [stdout]                         at liballoc/boxed.rs:672
Dec 03 01:27:50.288 INFO [stdout]   11:     0x55ff1a03a9f9 - __rust_maybe_catch_panic
Dec 03 01:27:50.288 INFO [stdout]                         at libpanic_unwind/lib.rs:102
Dec 03 01:27:50.288 INFO [stdout]   12:     0x55ff19ab7102 - std::panicking::try::h86d959bc0ec6cdfc
Dec 03 01:27:50.288 INFO [stdout]                         at libstd/panicking.rs:289
Dec 03 01:27:50.288 INFO [stdout]                          - std::panic::catch_unwind::h58f3b0b822e24260
Dec 03 01:27:50.288 INFO [stdout]                         at libstd/panic.rs:392
Dec 03 01:27:50.288 INFO [stdout]                          - test::run_test::run_test_inner::{{closure}}::h6052d99a909b4d79
Dec 03 01:27:50.288 INFO [stdout]                         at libtest/lib.rs:1423
Dec 03 01:27:50.288 INFO [stdout]                          - std::sys_common::backtrace::__rust_begin_short_backtrace::hb8f0d0309526c184
Dec 03 01:27:50.288 INFO [stdout]                         at libstd/sys_common/backtrace.rs:136
Dec 03 01:27:50.289 INFO [stdout]   13:     0x55ff19ab7bb4 - std::thread::Builder::spawn::{{closure}}::{{closure}}::he41bdc16beab5bc6
Dec 03 01:27:50.289 INFO [stdout]                         at libstd/thread/mod.rs:409
Dec 03 01:27:50.289 INFO [stdout]                          - <std::panic::AssertUnwindSafe<F> as core::ops::function::FnOnce<()>>::call_once::h250f97bbd023a26e
Dec 03 01:27:50.289 INFO [stdout]                         at libstd/panic.rs:313
Dec 03 01:27:50.289 INFO [stdout]                          - std::panicking::try::do_call::hc2f7c8b9a348d8db
Dec 03 01:27:50.289 INFO [stdout]                         at libstd/panicking.rs:310
Dec 03 01:27:50.289 INFO [stdout]   14:     0x55ff1a03a9f9 - __rust_maybe_catch_panic
Dec 03 01:27:50.289 INFO [stdout]                         at libpanic_unwind/lib.rs:102
Dec 03 01:27:50.289 INFO [stdout]   15:     0x55ff19aa4dec - std::panicking::try::h060637bb9966bca1
Dec 03 01:27:50.289 INFO [stdout]                         at libstd/panicking.rs:289
Dec 03 01:27:50.289 INFO [stdout]                          - std::panic::catch_unwind::hbb63bac845704635
Dec 03 01:27:50.289 INFO [stdout]                         at libstd/panic.rs:392
Dec 03 01:27:50.289 INFO [stdout]                          - std::thread::Builder::spawn::{{closure}}::h3a662d8ffcf3ef15
Dec 03 01:27:50.289 INFO [stdout]                         at libstd/thread/mod.rs:408
Dec 03 01:27:50.289 INFO [stdout]                          - <F as alloc::boxed::FnBox<A>>::call_box::h6bfded618e480b32
Dec 03 01:27:50.289 INFO [stdout]                         at liballoc/boxed.rs:672
Dec 03 01:27:50.289 INFO [stdout]   16:     0x55ff1a027fdd - <alloc::boxed::Box<(dyn alloc::boxed::FnBox<A, Output=R> + 'a)> as core::ops::function::FnOnce<A>>::call_once::h107741f455b08c4c
Dec 03 01:27:50.289 INFO [stdout]                         at liballoc/boxed.rs:682
Dec 03 01:27:50.289 INFO [stdout]                          - std::sys_common::thread::start_thread::h4c28257d67cdf9cb
Dec 03 01:27:50.289 INFO [stdout]                         at libstd/sys_common/thread.rs:24
Dec 03 01:27:50.289 INFO [stdout]   17:     0x55ff1a01a165 - std::sys::unix::thread::Thread::new::thread_start::hfecb2e7eff8fd34f
Dec 03 01:27:50.289 INFO [stdout]                         at libstd/sys/unix/thread.rs:90
Dec 03 01:27:50.289 INFO [stdout]   18:     0x7f7fab4e46b9 - start_thread
Dec 03 01:27:50.289 INFO [stdout]   19:     0x7f7fab00441c - clone
Dec 03 01:27:50.289 INFO [stdout]   20:                0x0 - <unknown>) } })', libcore/result.rs:1009:5
Dec 03 01:27:50.289 INFO [stdout] stack backtrace:
Dec 03 01:27:50.289 INFO [stdout]    0:     0x55ff1a025e8f - std::sys::unix::backtrace::tracing::imp::unwind_backtrace::h3a8b83e1922cbdde
Dec 03 01:27:50.289 INFO [stdout]                                at libstd/sys/unix/backtrace/tracing/gcc_s.rs:49
Dec 03 01:27:50.289 INFO [stdout]    1:     0x55ff1a02fa47 - std::sys_common::backtrace::print::h00d3155a29b4020f
Dec 03 01:27:50.289 INFO [stdout]                                at libstd/sys_common/backtrace.rs:71
Dec 03 01:27:50.289 INFO [stdout]                                at libstd/sys_common/backtrace.rs:59
Dec 03 01:27:50.289 INFO [stdout]    2:     0x55ff1a02a2ff - std::panicking::default_hook::{{closure}}::hd7465c742e79e1bb
Dec 03 01:27:50.289 INFO [stdout]                                at libstd/panicking.rs:211
Dec 03 01:27:50.289 INFO [stdout]    3:     0x55ff1a029ffe - std::panicking::default_hook::h9e3966f2aa2a6e12
Dec 03 01:27:50.289 INFO [stdout]                                at libstd/panicking.rs:221
Dec 03 01:27:50.289 INFO [stdout]    4:     0x55ff1a02a9de - std::panicking::rust_panic_with_hook::h587f091ae747d080
Dec 03 01:27:50.289 INFO [stdout]                                at libstd/panicking.rs:476
Dec 03 01:27:50.289 INFO [stdout]    5:     0x55ff1a02a581 - std::panicking::continue_panic_fmt::hb3a4fdede87f43a8
Dec 03 01:27:50.289 INFO [stdout]                                at libstd/panicking.rs:390
Dec 03 01:27:50.289 INFO [stdout]    6:     0x55ff1a02a465 - rust_begin_unwind
Dec 03 01:27:50.289 INFO [stdout]                                at libstd/panicking.rs:325
Dec 03 01:27:50.289 INFO [stdout]    7:     0x55ff1a06b95c - core::panicking::panic_fmt::h6f9cebf5e7474a0b
Dec 03 01:27:50.289 INFO [stdout]                                at libcore/panicking.rs:77
Dec 03 01:27:50.289 INFO [stdout]    8:     0x55ff19a88deb - core::result::unwrap_failed::h130113378055ae60
Dec 03 01:27:50.289 INFO [stdout]                                at libcore/macros.rs:26
Dec 03 01:27:50.289 INFO [stdout]    9:     0x55ff19a88c45 - <core::result::Result<T, E>>::unwrap::hceada97154ebe71d
Dec 03 01:27:50.289 INFO [stdout]                                at libcore/result.rs:808
Dec 03 01:27:50.289 INFO [stdout]   10:     0x55ff19a8e1f2 - monger::client::tests::download_test::h0f933c54139e7412
Dec 03 01:27:50.289 INFO [stdout]                                at src/client.rs:45
Dec 03 01:27:50.289 INFO [stdout]   11:     0x55ff19a8e169 - monger::client::tests::download_test::{{closure}}::hb9de3e1e89cc9f85
Dec 03 01:27:50.289 INFO [stdout]                                at src/client.rs:43
Dec 03 01:27:50.289 INFO [stdout]   12:     0x55ff19a89dad - core::ops::function::FnOnce::call_once::h187bc8da8d1320df
Dec 03 01:27:50.289 INFO [stdout]                                at libcore/ops/function.rs:238
Dec 03 01:27:50.289 INFO [stdout]   13:     0x55ff19a954ae - <F as alloc::boxed::FnBox<A>>::call_box::hac903f91577a156c
Dec 03 01:27:50.289 INFO [stdout]                                at libtest/lib.rs:1468
Dec 03 01:27:50.289 INFO [stdout]                                at libcore/ops/function.rs:238
Dec 03 01:27:50.289 INFO [stdout]                                at liballoc/boxed.rs:672
Dec 03 01:27:50.289 INFO [stdout]   14:     0x55ff1a03a9f9 - __rust_maybe_catch_panic
Dec 03 01:27:50.289 INFO [stdout]                                at libpanic_unwind/lib.rs:102
Dec 03 01:27:50.289 INFO [stdout]   15:     0x55ff19ab7102 - std::sys_common::backtrace::__rust_begin_short_backtrace::hb8f0d0309526c184
Dec 03 01:27:50.289 INFO [stdout]                                at libstd/panicking.rs:289
Dec 03 01:27:50.289 INFO [stdout]                                at libstd/panic.rs:392
Dec 03 01:27:50.289 INFO [stdout]                                at libtest/lib.rs:1423
Dec 03 01:27:50.289 INFO [stdout]                                at libstd/sys_common/backtrace.rs:136
Dec 03 01:27:50.289 INFO [stdout]   16:     0x55ff19ab7bb4 - std::panicking::try::do_call::hc2f7c8b9a348d8db
Dec 03 01:27:50.289 INFO [stdout]                                at libstd/thread/mod.rs:409
Dec 03 01:27:50.289 INFO [stdout]                                at libstd/panic.rs:313
Dec 03 01:27:50.289 INFO [stdout]                                at libstd/panicking.rs:310
Dec 03 01:27:50.289 INFO [stdout]   17:     0x55ff1a03a9f9 - __rust_maybe_catch_panic
Dec 03 01:27:50.289 INFO [stdout]                                at libpanic_unwind/lib.rs:102
Dec 03 01:27:50.289 INFO [stdout]   18:     0x55ff19aa4dec - <F as alloc::boxed::FnBox<A>>::call_box::h6bfded618e480b32
Dec 03 01:27:50.289 INFO [stdout]                                at libstd/panicking.rs:289
Dec 03 01:27:50.289 INFO [stdout]                                at libstd/panic.rs:392
Dec 03 01:27:50.289 INFO [stdout]                                at libstd/thread/mod.rs:408
Dec 03 01:27:50.289 INFO [stdout]                                at liballoc/boxed.rs:672
Dec 03 01:27:50.289 INFO [stdout]   19:     0x55ff1a027fdd - std::sys_common::thread::start_thread::h4c28257d67cdf9cb
Dec 03 01:27:50.289 INFO [stdout]                                at liballoc/boxed.rs:682
Dec 03 01:27:50.289 INFO [stdout]                                at libstd/sys_common/thread.rs:24
Dec 03 01:27:50.289 INFO [stdout]   20:     0x55ff1a01a165 - std::sys::unix::thread::Thread::new::thread_start::hfecb2e7eff8fd34f
Dec 03 01:27:50.289 INFO [stdout]                                at libstd/sys/unix/thread.rs:90
Dec 03 01:27:50.289 INFO [stdout]   21:     0x7f7fab4e46b9 - start_thread
Dec 03 01:27:50.289 INFO [stdout]   22:     0x7f7fab00441c - clone
Dec 03 01:27:50.289 INFO [stdout]   23:                0x0 - <unknown>
Dec 03 01:27:50.289 INFO [stdout] 
Dec 03 01:27:50.289 INFO [stdout] 
Dec 03 01:27:50.290 INFO [stdout] failures:
Dec 03 01:27:50.290 INFO [stdout]     client::tests::download_test
Dec 03 01:27:50.290 INFO [stdout] 
Dec 03 01:27:50.290 INFO [stdout] test result: FAILED. 35 passed; 1 failed; 0 ignored; 0 measured; 0 filtered out
Dec 03 01:27:50.290 INFO [stdout] 
Dec 03 01:27:50.303 INFO [stderr] error: test failed, to rerun pass '--bin monger'
Dec 03 01:27:50.304 INFO [stderr] su: No module specific data is present
Dec 03 01:27:51.084 INFO running `"docker" "inspect" "701c4503e89b67fe293614f19f74863218cfb33a1d1c5925de13f76613550f44"`
Dec 03 01:27:51.320 INFO running `"docker" "rm" "-f" "701c4503e89b67fe293614f19f74863218cfb33a1d1c5925de13f76613550f44"`
Dec 03 01:27:51.585 INFO [stdout] 701c4503e89b67fe293614f19f74863218cfb33a1d1c5925de13f76613550f44
